{"id":193,"date":"2020-01-12T22:01:41","date_gmt":"2020-01-12T21:01:41","guid":{"rendered":"http:\/\/trainzverve.com\/?page_id=193"},"modified":"2020-01-12T22:01:43","modified_gmt":"2020-01-12T21:01:43","slug":"polityka-prywatnosci-2","status":"publish","type":"page","link":"https:\/\/trainzverve.com\/?page_id=193","title":{"rendered":"Polityka Prywatno\u015bci"},"content":{"rendered":"\n<h2 class=\"wp-block-heading\"><strong>1. Informacje og\u00f3lne<\/strong><\/h2>\n\n\n\n<ol class=\"wp-block-list\"><li>Niniejsza polityka dotyczy Serwisu www, funkcjonuj\u0105cego pod\u00a0adresem url: <strong>www.trainverve.pl<\/strong> oraz <strong>www.trainzverve.com<\/strong><\/li><li>W\u0142a\u015bcicielem serwisu (Operatorem) oraz\u00a0Administratorem danych osobowych jest: Micha\u0142 G\u00f3recki, Christiana Andersena 28, 05-091 Z\u0105bki<\/li><li>Adres kontaktowy poczty elektronicznej operatora: support@trainzverve.pl<\/li><li>Operator jest Administratorem Twoich\u00a0danych osobowych w\u00a0odniesieniu do\u00a0danych podanych dobrowolnie w\u00a0Serwisie.<\/li><li>Serwis wykorzystuje dane osobowe w\u00a0nast\u0119puj\u0105cych celach:<ul><li>Prowadzenie newslettera<\/li><li>Prowadzenie systemu komentarzy<\/li><li>Prowadzenie forum internetowego<\/li><li>Prezentacja profil u\u017cytkownika innym u\u017cytkownikom<\/li><li>Prezentacja oferty lub informacji<\/li><\/ul><\/li><li>Serwis realizuje funkcje pozyskiwania informacji o\u00a0u\u017cytkownikach i\u00a0ich zachowaniu w\u00a0nast\u0119puj\u0105cy spos\u00f3b: <ol><li>Poprzez dobrowolnie wprowadzone w\u00a0formularzach dane, kt\u00f3re zostaj\u0105 wprowadzone do\u00a0system\u00f3w Operatora.<\/li><li>Poprzez zapisywanie w\u00a0urz\u0105dzeniach ko\u0144cowych plik\u00f3w cookie (tzw. \u201eciasteczka\u201d). <\/li><\/ol><\/li><\/ol>\n\n\n\n<h2 class=\"wp-block-heading\"><strong>2. Wybrane metody ochrony danych stosowane przez&nbsp;Operatora<\/strong><\/h2>\n\n\n\n<ol class=\"wp-block-list\"><li>Operator okresowo zmienia swoje has\u0142a administracyjne.<\/li><li>W&nbsp;celu ochrony danych Operator regularnie wykonuje kopie bezpiecze\u0144stwa.<\/li><li>Istotnym\n elementem ochrony danych jest regularna aktualizacja wszelkiego \noprogramowania, wykorzystywanego przez&nbsp;Operatora do&nbsp;przetwarzania danych\n osobowych, co w&nbsp;szczeg\u00f3lno\u015bci oznacza regularne aktualizacje \nkomponent\u00f3w programistycznych.<\/li><\/ol>\n\n\n\n<h2 class=\"wp-block-heading\"><strong>3. Hosting<\/strong><\/h2>\n\n\n\n<ol class=\"wp-block-list\"><li>Serwis jest hostowany (technicznie utrzymywany) na\u00a0serwerach operatora CAL.PL<\/li><\/ol>\n\n\n\n<h2 class=\"wp-block-heading\"><strong>4. Twoje&nbsp;prawa i&nbsp;dodatkowe informacje o&nbsp;sposobie wykorzystania danych<\/strong><\/h2>\n\n\n\n<ol class=\"wp-block-list\"><li>W\u00a0niekt\u00f3rych sytuacjach Administrator ma prawo przekazywa\u0107  Twoje\u00a0dane osobowe innym odbiorcom, je\u015bli b\u0119dzie to\u00a0niezb\u0119dne  do\u00a0wykonania zawartej z\u00a0Tob\u0105 umowy lub do\u00a0zrealizowania obowi\u0105zk\u00f3w ci\u0105\u017c\u0105cych na\u00a0Administratorze. Dotyczy to\u00a0takich grup odbiorc\u00f3w:<ul><li>osoby upowa\u017cnione przez\u00a0nas, pracownicy i\u00a0wsp\u00f3\u0142prcownicy, kt\u00f3rzy\u00a0musz\u0105 mie\u0107  dost\u0119p do\u00a0danych osobowych w\u00a0celu wykonywania swoich obowi\u0105zk\u00f3w,<\/li><li>firma hostingowa,<\/li><li>firmy obs\u0142uguj\u0105ce mailingi,<\/li><li>firmy obs\u0142uguj\u0105ce komunikaty SMS,<\/li><li>firmy, z\u00a0kt\u00f3rymi Administrator wsp\u00f3\u0142pracuje w\u00a0zakresie marketingu w\u0142asnego,<\/li><li>kurierzy,<\/li><li>ubezpieczyciele,<\/li><li>kancelarie prawne i\u00a0windykatorzy,<\/li><li>banki,<\/li><li>operatorzy p\u0142atno\u015bci,<\/li><li>organy publiczne.<\/li><\/ul><\/li><li>Twoje\u00a0dane osobowe przetwarzane przez\u00a0Administratora nie\u00a0d\u0142u\u017cej,  ni\u017c jest to\u00a0konieczne do\u00a0wykonania zwi\u0105zanych z\u00a0nimi czynno\u015bci  okre\u015blonych osobnymi przepisami (np.\u00a0o\u00a0prowadzeniu rachunkowo\u015bci).  W\u00a0odniesieniu do\u00a0danych marketingowych dane nie\u00a0b\u0119d\u0105 przetwarzane d\u0142u\u017cej  ni\u017c przez\u00a03 lata.<\/li><li>Przys\u0142uguje Ci prawo \u017c\u0105dania od\u00a0Administratora: <ul><li>dost\u0119pu do\u00a0danych osobowych Ciebie dotycz\u0105cych,<\/li><li>ich sprostowania,<\/li><li>usuni\u0119cia,<\/li><li>ograniczenia przetwarzania,<\/li><li>oraz\u00a0przenoszenia danych. <\/li><\/ul><\/li><li>Na\u00a0dzia\u0142ania Administratora przys\u0142uguje skarga do\u00a0Prezesa Urz\u0119du Ochrony Danych Osobowych, ul.\u00a0Stawki 2, 00-193 Warszawa.<\/li><li>Podanie danych osobowych jest dobrowolne, lecz\u00a0niezb\u0119dne do\u00a0obs\u0142ugi Serwisu.<\/li><li>W\u00a0stosunku do\u00a0Ciebie mog\u0105 by\u0107 podejmowane czynno\u015bci polegaj\u0105ce  na\u00a0zautomatyzowanym podejmowaniu decyzji, w\u00a0tym profilowaniu w\u00a0celu  \u015bwiadczenia us\u0142ug w\u00a0ramach zawartej umowy oraz\u00a0w\u00a0celu prowadzenia przez\u00a0Administratora marketingu bezpo\u015bredniego.<\/li><li>Dane osobowe nie\u00a0s\u0105 przekazywane do kraj\u00f3w trzecich w\u00a0rozumieniu  przepis\u00f3w o\u00a0ochronie danych osobowych. Oznacza to, \u017ce\u00a0nie\u00a0przesy\u0142amy ich poza teren Unii Europejskiej.<\/li><\/ol>\n\n\n\n<h2 class=\"wp-block-heading\"><strong>5. Informacje w&nbsp;formularzach<\/strong><\/h2>\n\n\n\n<ol class=\"wp-block-list\"><li>Serwis zbiera informacje podane dobrowolnie przez&nbsp;u\u017cytkownika, w&nbsp;tym dane osobowe, o&nbsp;ile zostan\u0105 one podane.<\/li><li>Serwis mo\u017ce zapisa\u0107 informacje o&nbsp;parametrach po\u0142\u0105czenia (oznaczenie czasu, adres IP).<\/li><li>Serwis, w&nbsp;niekt\u00f3rych wypadkach, mo\u017ce zapisa\u0107 informacj\u0119 u\u0142atwiaj\u0105c\u0105\n powi\u0105zanie danych w&nbsp;formularzu z&nbsp;adresem e-mail u\u017cytkownika \nwype\u0142niaj\u0105cego formularz. W&nbsp;takim wypadku adres e-mail u\u017cytkownika \npojawia si\u0119 wewn\u0105trz adresu url strony zawieraj\u0105cej formularz.<\/li><li>Dane podane w&nbsp;formularzu s\u0105 przetwarzane w&nbsp;celu wynikaj\u0105cym \nz&nbsp;funkcji konkretnego formularza, np.&nbsp;w&nbsp;celu dokonania procesu obs\u0142ugi \nzg\u0142oszenia serwisowego lub kontaktu handlowego, rejestracji us\u0142ug itp. \nKa\u017cdorazowo kontekst i&nbsp;opis formularza w&nbsp;czytelny spos\u00f3b informuje, \ndo&nbsp;czego on s\u0142u\u017cy.<\/li><\/ol>\n\n\n\n<h2 class=\"wp-block-heading\"><strong>6. Logi Administratora<\/strong><\/h2>\n\n\n\n<ol class=\"wp-block-list\"><li>Informacje zachowaniu u\u017cytkownik\u00f3w w&nbsp;serwisie mog\u0105 podlega\u0107 \nlogowaniu. Dane te s\u0105 wykorzystywane w&nbsp;celu administrowania serwisem.<\/li><\/ol>\n\n\n\n<h2 class=\"wp-block-heading\"><strong>7. Istotne techniki marketingowe<\/strong><\/h2>\n\n\n\n<ol class=\"wp-block-list\"><li>Operator  stosuje analiz\u0119 statystyczn\u0105 ruchu na\u00a0stronie, poprzez Google Analytics  (Google Inc. z\u00a0siedzib\u0105 w\u00a0USA). Operator nie\u00a0przekazuje do\u00a0operatora  tej\u00a0us\u0142ugi danych osobowych, a\u00a0jedynie zanonimizowane informacje. Us\u0142uga  bazuje na\u00a0wykorzystaniu ciasteczek w\u00a0urz\u0105dzeniu ko\u0144cowym u\u017cytkownika.  W\u00a0zakresie informacji o\u00a0preferencjach u\u017cytkownika gromadzonych  przez\u00a0sie\u0107 reklamow\u0105 Google u\u017cytkownik mo\u017ce przegl\u0105da\u0107 i\u00a0edytowa\u0107  informacje wynikaj\u0105ce z\u00a0plik\u00f3w cookies przy pomocy narz\u0119dzia:  https:\/\/www.google.com\/ads\/preferences\/<\/li><li>Operator mo\u017ce stosowa\u0107 profilowanie w\u00a0rozumieniu przepis\u00f3w o\u00a0ochronie danych osobowych<\/li><\/ol>\n\n\n\n<h2 class=\"wp-block-heading\"><strong>8. Informacja o&nbsp;plikach cookies<\/strong><\/h2>\n\n\n\n<ol class=\"wp-block-list\"><li>Serwis korzysta z&nbsp;plik\u00f3w cookies.<\/li><li>Pliki cookies (tzw. \u201eciasteczka\u201d) stanowi\u0105 dane informatyczne, \nw&nbsp;szczeg\u00f3lno\u015bci pliki tekstowe, kt\u00f3re przechowywane s\u0105 w&nbsp;urz\u0105dzeniu \nko\u0144cowym U\u017cytkownika Serwisu i&nbsp;przeznaczone s\u0105 do&nbsp;korzystania ze&nbsp;stron \ninternetowych Serwisu. Cookies zazwyczaj zawieraj\u0105 nazw\u0119 strony \ninternetowej, z&nbsp;kt\u00f3rej&nbsp;pochodz\u0105, czas przechowywania ich na&nbsp;urz\u0105dzeniu \nko\u0144cowym oraz&nbsp;unikalny numer.<\/li><li>Podmiotem zamieszczaj\u0105cym na&nbsp;urz\u0105dzeniu ko\u0144cowym U\u017cytkownika \nSerwisu pliki cookies oraz&nbsp;uzyskuj\u0105cym do&nbsp;nich dost\u0119p jest operator \nSerwisu.<\/li><li>Pliki cookies wykorzystywane s\u0105 w&nbsp;nast\u0119puj\u0105cych celach:\n\t<ol><li>utrzymanie sesji u\u017cytkownika Serwisu (po&nbsp;zalogowaniu), dzi\u0119ki \nkt\u00f3rej&nbsp;u\u017cytkownik nie&nbsp;musi na&nbsp;ka\u017cdej podstronie Serwisu ponownie \nwpisywa\u0107 loginu i&nbsp;has\u0142a;<\/li><li>realizacji cel\u00f3w okre\u015blonych powy\u017cej w&nbsp;cz\u0119\u015bci &#8222;Istotne techniki marketingowe&#8221;;<\/li><\/ol>\n\t<\/li><li>W&nbsp;ramach Serwisu stosowane s\u0105 dwa zasadnicze rodzaje plik\u00f3w \ncookies: \u201esesyjne\u201d (session cookies) oraz&nbsp;\u201esta\u0142e\u201d (persistent cookies). \nCookies \u201esesyjne\u201d s\u0105 plikami tymczasowymi, kt\u00f3re przechowywane s\u0105 \nw&nbsp;urz\u0105dzeniu ko\u0144cowym U\u017cytkownika do&nbsp;czasu wylogowania, opuszczenia \nstrony internetowej lub wy\u0142\u0105czenia oprogramowania (przegl\u0105darki \ninternetowej). \u201eSta\u0142e\u201d pliki cookies przechowywane s\u0105 w&nbsp;urz\u0105dzeniu \nko\u0144cowym U\u017cytkownika przez&nbsp;czas okre\u015blony w&nbsp;parametrach plik\u00f3w cookies \nlub do&nbsp;czasu ich usuni\u0119cia przez&nbsp;U\u017cytkownika.<\/li><li>Oprogramowanie do&nbsp;przegl\u0105dania stron internetowych (przegl\u0105darka \ninternetowa) zazwyczaj domy\u015blnie dopuszcza przechowywanie plik\u00f3w cookies\n w&nbsp;urz\u0105dzeniu ko\u0144cowym U\u017cytkownika. U\u017cytkownicy Serwisu mog\u0105 dokona\u0107 \nzmiany ustawie\u0144 w&nbsp;tym zakresie.&nbsp;Przegl\u0105darka internetowa umo\u017cliwia \nusuni\u0119cie plik\u00f3w cookies. Mo\u017cliwe jest tak\u017ce automatyczne blokowanie \nplik\u00f3w cookies Szczeg\u00f3\u0142owe informacje na&nbsp;ten temat zawiera pomoc lub \ndokumentacja przegl\u0105darki internetowej.<\/li><li>Ograniczenia stosowania plik\u00f3w cookies mog\u0105 wp\u0142yn\u0105\u0107 na&nbsp;niekt\u00f3re funkcjonalno\u015bci dost\u0119pne na&nbsp;stronach internetowych Serwisu.<\/li><li>Pliki cookies zamieszczane w&nbsp;urz\u0105dzeniu ko\u0144cowym U\u017cytkownika \nSerwisu wykorzystywane mog\u0105 by\u0107 r\u00f3wnie\u017c przez&nbsp;wsp\u00f3\u0142pracuj\u0105ce \nz&nbsp;operatorem Serwisu podmioty, w&nbsp;szczeg\u00f3lno\u015bci dotyczy to&nbsp;firm: Google \n(Google Inc. z&nbsp;siedzib\u0105 w&nbsp;USA), Facebook (Facebook Inc. z&nbsp;siedzib\u0105 \nw&nbsp;USA), Twitter (Twitter Inc. z&nbsp;siedzib\u0105 w&nbsp;USA).<\/li><\/ol>\n\n\n\n<h2 class=\"wp-block-heading\"><strong>9. Zarz\u0105dzanie plikami cookies \u2013 jak w&nbsp;praktyce wyra\u017ca\u0107 i&nbsp;cofa\u0107 zgod\u0119?<\/strong><\/h2>\n\n\n\n<ol class=\"wp-block-list\"><li>Je\u015bli u\u017cytkownik nie\u00a0chce otrzymywa\u0107 plik\u00f3w cookies, mo\u017ce zmieni\u0107  ustawienia przegl\u0105darki. Zastrzegamy, \u017ce\u00a0wy\u0142\u0105czenie obs\u0142ugi plik\u00f3w  cookies niezb\u0119dnych dla proces\u00f3w uwierzytelniania, bezpiecze\u0144stwa,  utrzymania preferencji u\u017cytkownika mo\u017ce utrudni\u0107,\u00a0a\u00a0w\u00a0skrajnych  przypadkach mo\u017ce uniemo\u017cliwi\u0107 korzystanie ze\u00a0stron www<\/li><li>W\u00a0celu zarz\u0105dzania ustawienia cookies wybierz z\u00a0listy poni\u017cej  przegl\u0105dark\u0119 internetow\u0105, kt\u00f3rej\u00a0u\u017cywasz i\u00a0post\u0119puj zgodnie  z\u00a0instrukcjami: <ul><li><a href=\"https:\/\/support.microsoft.com\/pl-pl\/help\/10607\/microsoft-edge-view-delete-browser-history\">Edge<\/a><\/li><li><a href=\"https:\/\/support.microsoft.com\/pl-pl\/help\/278835\/how-to-delete-cookie-files-in-internet-explorer\">Internet Explorer<\/a><\/li><li><a href=\"http:\/\/support.google.com\/chrome\/bin\/answer.py?hl=pl&amp;answer=95647\">Chrome<\/a><\/li><li><a href=\"http:\/\/support.apple.com\/kb\/PH5042\">Safari<\/a><\/li><li><a href=\"http:\/\/support.mozilla.org\/pl\/kb\/W%C5%82%C4%85czanie%20i%20wy%C5%82%C4%85czanie%20obs%C5%82ugi%20ciasteczek\">Firefox<\/a><\/li><li><a href=\"http:\/\/help.opera.com\/Windows\/12.10\/pl\/cookies.html\">Opera<\/a> <br>Urz\u0105dzenia mobilne: <\/li><\/ul><ul><li><a href=\"http:\/\/support.google.com\/chrome\/bin\/answer.py?hl=pl&amp;answer=95647\">Android<\/a><\/li><li><a href=\"http:\/\/support.apple.com\/kb\/HT1677?viewlocale=pl_PL\">Safari (iOS)<\/a><\/li><li><a href=\"http:\/\/www.windowsphone.com\/pl-pl\/how-to\/wp7\/web\/changing-privacy-and-other-browser-settings\">Windows Phone<\/a> <\/li><\/ul><\/li><\/ol>\n","protected":false},"excerpt":{"rendered":"<p>1. Informacje og\u00f3lne Niniejsza polityka dotyczy Serwisu www, funkcjonuj\u0105cego pod\u00a0adresem url: www.trainverve.pl oraz www.trainzverve.com W\u0142a\u015bcicielem serwisu (Operatorem) oraz\u00a0Administratorem danych osobowych jest: Micha\u0142 G\u00f3recki, Christiana Andersena 28, 05-091 Z\u0105bki Adres kontaktowy poczty elektronicznej operatora: support@trainzverve.pl Operator jest Administratorem Twoich\u00a0danych osobowych w\u00a0odniesieniu do\u00a0danych podanych dobrowolnie w\u00a0Serwisie. Serwis wykorzystuje dane osobowe w\u00a0nast\u0119puj\u0105cych celach: Prowadzenie newslettera Prowadzenie systemu komentarzy [&hellip;]<\/p>\n","protected":false},"author":1,"featured_media":0,"parent":0,"menu_order":0,"comment_status":"closed","ping_status":"closed","template":"","meta":{"footnotes":""},"class_list":["post-193","page","type-page","status-publish","hentry"],"_links":{"self":[{"href":"https:\/\/trainzverve.com\/index.php?rest_route=\/wp\/v2\/pages\/193","targetHints":{"allow":["GET"]}}],"collection":[{"href":"https:\/\/trainzverve.com\/index.php?rest_route=\/wp\/v2\/pages"}],"about":[{"href":"https:\/\/trainzverve.com\/index.php?rest_route=\/wp\/v2\/types\/page"}],"author":[{"embeddable":true,"href":"https:\/\/trainzverve.com\/index.php?rest_route=\/wp\/v2\/users\/1"}],"replies":[{"embeddable":true,"href":"https:\/\/trainzverve.com\/index.php?rest_route=%2Fwp%2Fv2%2Fcomments&post=193"}],"version-history":[{"count":1,"href":"https:\/\/trainzverve.com\/index.php?rest_route=\/wp\/v2\/pages\/193\/revisions"}],"predecessor-version":[{"id":194,"href":"https:\/\/trainzverve.com\/index.php?rest_route=\/wp\/v2\/pages\/193\/revisions\/194"}],"wp:attachment":[{"href":"https:\/\/trainzverve.com\/index.php?rest_route=%2Fwp%2Fv2%2Fmedia&parent=193"}],"curies":[{"name":"wp","href":"https:\/\/api.w.org\/{rel}","templated":true}]}}